0683 a prime number?
True
Is 4094680151 a prime number?
False
Is 2201539021 prime?
False
Is 61141489 composite?
True
Is 693017639 a composite number?
False
Is 1482790939 prime?
False
Is 770912455 a prime number?
False
Is 97089581 a composite number?
True
Is 2260629197 a prime number?
True
Is 270641963 composite?
False
Is 24990078517 prime?
True
Is 28177318531 prime?
False
Is 34415017081 a prime number?
False
Is 1134590563 prime?
True
Is 21360707 composite?
False
Is 111567091789 composite?
False
Is 3125808527 a prime number?
False
Is 1257754999 composite?
False
Is 52997104969 a prime number?
True
Is 618622481 prime?
True
Is 9869714651 prime?
True
Is 427534761 composite?
True
Is 3139773479 a composite number?
True
Is 1196584618 a composite number?
True
Is 2237416941 a prime number?
False
Is 2902623409 composite?
True
Is 179893311905 a prime number?
False
Is 136280329001 a prime number?
True
Is 363983813 a composite number?
False
Is 21179021531 a composite number?
True
Is 779927933 a composite number?
False
Is 3500718547 prime?
False
Is 19434133 prime?
False
Is 632511497 a composite number?
True
Is 50224860667 composite?
False
Is 668924131 a prime number?
True
Is 7371805517 prime?
False
Is 380672183 prime?
False
Is 13780320611 a prime number?
False
Is 34568672873 composite?
True
Is 1404039017 a composite number?
False
Is 2318075041 composite?
True
Is 18710601211 composite?
True
Is 26248123871 composite?
True
Is 7970643097 prime?
False
Is 746528387 a prime number?
False
Is 946770835 a composite number?
True
Is 280310659 a composite number?
True
Is 8049290839 a prime number?
False
Is 27565455377 prime?
False
Is 3763610947 prime?
False
Is 25932353 a composite number?
True
Is 3918783689 a prime number?
True
Is 4299936367 composite?
True
Is 2338124951 a prime number?
True
Is 3279912469 composite?
True
Is 8239963931 a prime number?
True
Is 95544411137 composite?
True
Is 4965553031 composite?
True
Is 152361531299 prime?
True
Is 30508927531 composite?
True
Is 167507209 a prime number?
False
Is 3081260813 a composite number?
False
Is 71550117857 a composite number?
True
Is 448010467 a prime number?
False
Is 574422307 prime?
False
Is 1467743383 prime?
True
Is 136133267 a composite number?
False
Is 31437698839 a prime number?
True
Is 934487327 a composite number?
True
Is 5970002701 a composite number?
True
Is 12356751314 a composite number?
True
Is 3108069589 prime?
True
Is 27166633397 a prime number?
True
Is 43822165913 prime?
True
Is 8517081179 a prime number?
True
Is 471601839 prime?
False
Is 849601498 a prime number?
False
Is 243469907 composite?
False
Is 35851940491 prime?
True
Is 184898039 composite?
False
Is 6512905079 prime?
False
Is 419079273 composite?
True
Is 41647517567 composite?
False
Is 1771420171 a composite number?
True
Is 3103441697 a composite number?
False
Is 23226022511 prime?
True
Is 545605897 a prime number?
True
Is 88965517009 prime?
False
Is 899948633 a composite number?
True
Is 212977837 a composite number?
False
Is 3118753097 a composite number?
True
Is 38986485821 prime?
True
Is 1868925511 prime?
True
Is 105620082521 a composite number?
False
Is 15238858931 composite?
False
Is 42271549933 prime?
False
Is 11663420207 a prime number?
False
Is 2462693581 a composite number?
True
Is 69093946777 prime?
True
Is 121167433 prime?
True
Is 141843233 a prime number?
False
Is 8837250017 a prime number?
False
Is 13569973321 a composite number?
True
Is 6261258655 a prime number?
False
Is 18392228597 a composite number?
False
Is 423216143089 a composite number?
False
Is 59187234157 a composite number?
True
Is 3493172497 a composite number?
True
Is 52489529363 composite?
False
Is 2393606003 a prime number?
True
Is 787085463 prime?
False
Is 584822837 composite?
True
Is 14407249177 a composite number?
True
Is 54835113461 a composite number?
True
Is 22834771039 prime?
True
Is 5652173389 composite?
True
Is 1744871987 prime?
False
Is 16905283349 composite?
False
Is 30848167645 a prime number?
False
Is 11075540353 composite?
False
Is 2179307953 a prime number?
False
Is 938117863 prime?
False
Is 8451525629 a composite number?
True
Is 1735627369 a composite number?
True
Is 3868593557 composite?
False
Is 5057997173 a prime number?
True
Is 26807590793 composite?
False
Is 322306492351 a composite number?
False
Is 889065857 composite?
True
Is 293609357 a composite number?
False
Is 69223844227 a composite number?
False
Is 331091597 a composite number?
False
Is 20469909277 composite?
False
Is 7423555861 a composite number?
True
Is 439782433 a prime number?
True
Is 1359276199 composite?
False
Is 40154920667 a composite number?
True
Is 5439850877 composite?
False
Is 606981119 prime?
False
Is 537044227 a composite number?
True
Is 77531651233 composite?
False
Is 6817556861 prime?
True
Is 1401154451 a prime number?
False
Is 24151771079 prime?
True
Is 7077839429 composite?
True
Is 109051144589 prime?
True
Is 757101179 a composite number?
False
Is 1335377203 composite?
True
Is 48275438483 a prime number?
False
Is 637985566 a composite number?
True
Is 10798660079 a composite number?
False
Is 37612214531 prime?
False
Is 2240650871 a composite number?
False
Is 36027739 prime?
False
Is 1241137189 composite?
True
Is 1371887737 a prime number?
False
Is 28791739201 a prime number?
False
Is 868775771 composite?
False
Is 10190300789 composite?
True
Is 16994418251 a prime number?
True
Is 48492846889 a composite number?
True
Is 19240573049 prime?
False
Is 14702208517 a prime number?
True
Is 366651863 prime?
True
Is 1260962393 a prime number?
False
Is 103432658689 prime?
True
Is 509290399 a composite number?
True
Is 568612021 a composite number?
False
Is 8883624341 a prime number?
False
Is 187986167711 a prime number?
False
Is 2859743741 composite?
False
Is 110147239 composite?
False
Is 1768279727 a composite number?
True
Is 553684956313 composite?
False
Is 5856130367 composite?
True
Is 56263494233 prime?
False
Is 3614997689 prime?
True
Is 211307249 a prime number?
True
Is 2369126933 a composite number?
True
Is 4175342747 a composite number?
False
Is 10373281481 prime?
True
Is 12210870901 a composite number?
True
Is 36205252453 composite?
True
Is 16150296611 composite?
True
Is 69068212139 a prime number?
True
Is 174009551 a prime number?
True
Is 17932796057 composite?
True
Is 98925731579 prime?
False
Is 39861287309 composite?
False
Is 1773671759 composite?
True
Is 20489780807 a prime number?
False
Is 19080979 prime?
True
Is 5994691999 a prime number?
True
Is 9887887973 prime?
False
Is 526060501 composite?
False
Is 18784706603 prime?
False
Is 41138827993 composite?
False
Is 572521379 a composite number?
True
Is 915298073 a composite number?
True
Is 25791471743 a composite number?
False
Is 519855433 a composite number?
False
Is 317840557 a prime number?
True
Is 427486147 a prime number?
False
Is 1029156167 prime?
False
Is 31072021567 prime?
True
Is 21105896441 a prime number?
False
Is 1039264379 a prime number?
True
Is 10060216129 prime?
True
Is 254300303 composite?
False
Is 684400657 composite?
True
Is 57646902827 a composite number?
False
Is 959547763 a prime number?
False
Is 6489837713 composite?
False
Is 94075697227 composite?
False
Is 18231821 a prime number?
True
Is 65150465813 a prime number?
False
Is 2120423681 composite?
True
Is 6103610843 a composite number?
True
Is 117312380551 a composite number?
True
Is 23137429067 a composite number?
False
Is 1844105147 prime?
True
Is 20577942737 composite?
True
Is 15378121703 a prime number?
False
Is 60556003 prime?
False
Is 71988985469 composite?
False
Is 254009339 composite?
False
Is 4701343057 composite?
False
Is 37733474237 a composite number?
True
Is 247134837589 a prime number?
False
Is 402682217 a prime number?
False
Is 614157959 prime?
True
Is 811175399 composite?
False
Is 89920619527 a composite number?
True
Is 4115503031 prime?
True
Is 1308814519 composite?
False
Is 12690385391 a prime number?
True
Is 844772953 a composite number?
False
Is 10600743469 prime?
True
Is 279541189 a composite number?
False
Is 3678319793 a composite number?
False
Is 147973379 prime?
True
Is 6520166203 a composite number?
False
Is 2334822569 a composite number?
True
Is 141751293713 composite?
True
Is 2601317659 prime?
True
Is 43732290241 a 